010110100011 (base 2) to base 3
-12012221210212
-648359 (base 11) to base 3
-1221122001100
Convert 21110111122012 (base 3) to base 10.
3966224
Convert 101102212 (base 4) to base 3.
10121011001
Convert -528569 (base 10) to base 3.
-222212001122
What is 72363 (base 9) in base 10?
47685
-25617477 (base 8) to base 12
-1ab4227
What is 3d999 (base 15) in base 12?
96653
Convert -1211136 (base 7) to base 15.
-309c3
130502101 (base 6) to base 8
11605465
5115311 (base 8) to base 5
321202340
50985 (base 13) to base 6
3032403
101001011011001011110 (base 2) to base 14
274978
Convert 2f0db (base 16) to base 15.
3c18b
Convert 2409564 (base 10) to base 14.
46a19a
640525 (base 8) to base 16
34155
What is 200102111002110 (base 3) in base 11?
5588963
Convert -4dd191 (base 14) to base 6.
-133330231
3dbde2 (base 15) to base 11
1753330
-802a9 (base 14) to base 5
-34322434
-210003552 (base 6) to base 5
-1412440103
What is -100001011000111000 (base 2) in base 5?
-13334020
What is -111230230203 (base 4) in base 10?
-5688099
Convert 2311542 (base 7) to base 11.
187a2a
Convert -12c77 (base 13) to base 16.
-8909
-876270 (base 13) to base 14
-5cc442
Convert 2212212 (base 6) to base 4.
123001100
-1320303 (base 7) to base 15
-363ec
Convert -d50d (base 16) to base 10.
-54541
268b1 (base 13) to base 2
10001100001111000
-672a74 (base 11) to base 15
-162cb6
-2221101322 (base 4) to base 13
-1b37a2
What is 1200221012021 (base 3) in base 10?
904102
22299 (base 14) to base 10
82847
What is -235260 (base 8) in base 4?
-103222300
What is -11000231121 (base 4) in base 7?
-14110545
-2903a (base 16) to base 15
-34b99
What is 22202101112 (base 3) in base 2?
101010000100101000
Convert -21000201011211 (base 3) to base 6.
-212011204
-121141000 (base 5) to base 9
-1055438
11b56a (base 12) to base 9
480851
Convert -30799 (base 15) to base 14.
-3dd90
What is -1542443 (base 6) in base 9?
-148240
Convert 156051614 (base 7) to base 13.
2272325
Convert 102052222 (base 6) to base 4.
12302203112
What is ac62 (base 14) in base 7?
153052
-a13627 (base 11) to base 5
-404124044
What is -1991a (base 14) in base 5?
-4034100
26600 (base 7) to base 8
15762
494b85 (base 14) to base 12
a10869
-110542 (base 10) to base 8
-327716
What is -468664 (base 9) in base 4?
-1010311102
Convert 2336354 (base 7) to base 9.
488802
What is 52789a (base 14) in base 15?
3a0b0e
What is -305629 (base 12) in base 10?
-756033
Convert -115234331 (base 6) to base 15.
-2dabad
Convert 5012104 (base 6) to base 8.
713050
What is 201034442 (base 5) in base 9?
1447471
Convert -30010200020 (base 4) to base 16.
-304808
What is -7c48bb (base 13) in base 3?
-12112222111012
-10101222322 (base 4) to base 6
-40005334
Convert 6011042 (base 12) to base 9.
36670785
What is -12561452 (base 7) in base 11?
-720a09
Convert 3919625 (base 10) to base 14.
740613
What is a39b97 (base 12) in base 9?
4743287
Convert -3210010202 (base 4) to base 11.
-588953
What is 338473 (base 10) in base 5?
41312343
27a1ea (base 16) to base 10
2597354
What is 50046130 (base 7) in base 5?
2024120242
Convert 1622401 (base 8) to base 5.
104440400
Convert -12530000 (base 7) to base 10.
-1150079
Convert -11917286 (base 10) to base 5.
-11022323121
-135452024 (base 6) to base 5
-1203300421
What is -427811 (base 9) in base 14?
-68d5d
4930458 (base 10) to base 15
675d23
Convert 37752045 (base 9) to base 7.
313250243
-30346455 (base 7) to base 11
-1480050
Convert -12822 (base 15) to base 12.
-2a31b
What is -12145615 (base 7) in base 11?
-682980
What is 48248 (base 13) in base 16?
2047a
What is 272323 (base 10) in base 6?
5500431
19aaa33 (base 11) to base 14
640706
Convert 1099242 (base 12) to base 7.
36046625
-54424415 (base 6) to base 14
-302a71
4c326c (base 13) to base 3
10110020001010
1004121201 (base 5) to base 11
115a874
-1b55d (base 14) to base 3
-10112120010
-121011131001 (base 4) to base 3
-110101002111020
What is -1c4485 (base 14) in base 8?
-3666005
Convert -868256 (base 12) to base 11.
-1224812
What is 49030 (base 11) in base 4?
101032300
Convert 65033 (base 8) to base 2.
110101000011011
What is -3264260 (base 7) in base 6?
-12343155
Convert -2cb4e9 (base 15) to base 14.
-404b4a
-233541 (base 12) to base 16
-8a241
What is -4b1a66 (base 12) in base 3?
-2022022200020
What is -1010011100111100101101 (base 2) in base 7?
-32201243
-23431323 (base 5) to base 4
-311021301
45274 (base 14) to base 13
5b549
Convert -732166 (base 8) to base 12.
-b861a
1133442421 (base 5) to base 8
12044751
Convert -1271512 (base 8) to base 2.
-1010111001101001010
Convert 320334101 (base 5) to base 8.
5070775
-604a59 (base 12) to base 6
-52102553
-1002022121 (base 3) to base 16
-537d
Convert -4735309 (base 11) to base 13.
-1934989
What is b1203 (base 15) in base 12?
230593
ab80d9 (base 14) to base 13
128b54c
331032321 (base 4) to base 3
110202001020
-11010011000011010011 (base 2) to base 13
-243626
68ac8c (base 13) to base 12
9b7488
-14603 (base 10) to base 8
-34413
What is -1330035 (base 7) in base 10?
-175299
What is -1113031301 (base 4) in base 9?
-604025
Convert -2488077 (base 9) to base 10.
-1357468
Convert -272401 (base 10) to base 6.
-5501041
What is -1648aa (base 11) in base 7?
-2112225
What is -437b7 (base 12) in base 10?
-89275
What is -32214022 (base 7) in base 14?
-515a82
What is 196e0d (base 15) in base 14?
243461
What is 10114546 (base 8) in base 7?
24105431
What is 28e9c1 (base 16) in base 8?
12164701
Convert -1786a07 (base 11) to base 10.
-3025249
-23d73 (base 15) to base 9
-183840
Convert -2044225 (base 6) to base 12.
-49675
Convert -2439b61 (base 12) to base 11.
-3a83333
-18aaba8 (base 12) to base 10
-5202992
Convert 1110010430 (base 5) to base 2.
1001001111011101010111
-31002414 (base 6) to base 2
-11011000100100001010
Convert -42992 (base 10) to base 15.
-cb12
What is c17e1 (base 16) in base 7?
6510425
What is -7530275 (base 11) in base 6?
-1152000325
What is -281334 (base 10) in base 4?
-1010223312
Convert 100101001100020 (base 3) to base 6.
254431053
Convert -1011023332 (base 4) to base 13.
-9bcb3
What is -724a1 (base 11) in base 10?
-105744
What is 191a245 (base 13) in base 14?
113d580
Convert 5251306 (base 7) to base 12.
267134
Convert 16402264 (base 7) to base 2.
110000110000000110111
-23632a6 (base 12) to base 6
-402441530
Convert -1200210010 (base 4) to base 12.
-170a84
-25114300 (base 6) to base 16
-c417c
-75114 (base 8) to base 7
-160164
Convert 1125124010 (base 6) to base 16.
bfad26
Convert 168461 (base 11) to base 14.
6ab04
What is 1213031341 (base 5) in base 10?
2861471
What is -47627 (base 12) in base 3?
-11212121011
Convert -113122012 (base 4) to base 10.
-95878
What is -12231321001 (base 4) in base 5?
-422321313
What is 112013030312 (base 4) in base 8?
26071466
21254616 (base 7) to base 14
35250d
Convert 1111001011001101001 (base 2) to base 16.
79669
What is 210120002100 (base 3) in base 13?
11b1b8
What is 155055 (base 10) in base 12?
75893
-173785 (base 9) to base 16
-1a51f
What is -47621 (base 12) in base 10?
-95929
443312 (base 5) to base 15
48a7
What is 4064020 (base 9) in base 2?
1000010001010100000000
What is 2806266 (base 9) in base 7?
16042263
What is 3081560 (base 10) in base 5?
1242102220
What is 2e2a3 (base 15) in base 8?
443157
-211596 (base 10) to base 7
-1540620
-4347300 (base 9) to base 16
-239f25
Convert 424606 (base 7) to base 13.
27715
13503 (base 10) to base 16
34bf
-42438 (base 14) to base 2
-100111000011110010
Convert -122220101220 (base 3) to base 14.
-925d7
-31a0ce (base 15) to base 9
-4401005
Convert 97340 (base 12) to base 9.
333223
Convert 34360a (base 11) to base 8.
2053216
What is -13604445 (base 7) in base 9?
-2358326
3035710 (base 9) to base 13
448740
2634063 (base 9) to base 15
1d693c
Convert -276b (base 16) to base 14.
-396b
30076 (base 11) to base 14
12074
What is -32b2d8 (base 16) in base 12?
-1142960
What is -3129643 (base 10) in base 8?
-13740453
-10120001122020 (base 3) to base 5
-441001022
What is 201111101210 (base 3) in base 13?
10588b
Convert 1203465 (base 7) to base 15.
302e0
What is 21355 (base 15) in base 6?
2131512
What is -6751932 (base 10) in base 15?
-8d588c
1506db1 (base 15) to base 2
111010000001100101011001
a699 (base 12) to base 14
6925
Convert -1121000120 (base 3) to base 7.
-160302
-10a7844 (base 12) to base